{"id":1122,"date":"2013-04-04T23:55:11","date_gmt":"2013-04-04T21:55:11","guid":{"rendered":"http:\/\/www.kriesi.at\/themes\/enfold\/?page_id=1122"},"modified":"2020-11-23T17:22:55","modified_gmt":"2020-11-23T16:22:55","slug":"pages","status":"publish","type":"page","link":"https:\/\/tnsportif.com\/index.php\/pages\/","title":{"rendered":"Notre club"},"content":{"rendered":"<div   class='avia-fullscreen-slider main_color   avia-builder-el-0  el_before_av_one_full  avia-builder-el-first  container_wrap sidebar_left'  ><div  class='avia-slideshow av-khunwcek-009654d11bc7df04065a832ebc6c1fe1 avia-slideshow-extra_large av_fullscreen avia-slide-slider av-slideshow-ui av-control-default av-slideshow-manual av-loop-once av-loop-manual-endless av-default-height-applied   avia-slideshow-1' data-slideshow-options=\"{&quot;animation&quot;:&quot;slide&quot;,&quot;autoplay&quot;:false,&quot;loop_autoplay&quot;:&quot;once&quot;,&quot;interval&quot;:5,&quot;loop_manual&quot;:&quot;manual-endless&quot;,&quot;autoplay_stopper&quot;:false,&quot;noNavigation&quot;:false,&quot;bg_slider&quot;:true,&quot;keep_padding&quot;:false,&quot;hoverpause&quot;:false,&quot;show_slide_delay&quot;:0,&quot;slide_height&quot;:&quot;100&quot;,&quot;image_attachment&quot;:&quot;&quot;}\"  itemprop=\"image\" itemscope=\"itemscope\" itemtype=\"https:\/\/schema.org\/ImageObject\" ><ul class='avia-slideshow-inner ' style='padding-bottom: 100%;'><li  data-controls='' data-mute='aviaTBaviaTBvideo_mute' data-loop='' data-disable-autoplay=''  class='avia-slideshow-slide av-khunwcek-009654d11bc7df04065a832ebc6c1fe1__0  av-video-slide av-element-cover av-video-service-html5  av-mute-video av-mobile-fallback-image  av-single-slide slide-1 slide-odd'><div data-rel='slideshow-1' class='avia-slide-wrap '    itemprop=\"video\" itemtype=\"https:\/\/schema.org\/VideoObject\" ><div class='av-click-overlay'><\/div><video class='avia_video'  autoplay playsinline  preload=\"auto\" muted controls id='player_1122_400233899_1770396430'><source src=\"https:\/\/tnsportif.com\/wp-content\/uploads\/2020\/11\/TERRE-NEUVE-SPORTIF-2020-TRAVAIL-A-LEAU.mp4\" type=\"video\/mp4\" \/><\/video><div class=\"av-click-to-play-overlay\"><div class=\"avia_playpause_icon\"><\/div><\/div><\/div><\/li><\/ul><\/div><\/div><div id='after_full_slider_1'  class='main_color av_default_container_wrap container_wrap sidebar_left'  ><div class='container av-section-cont-open' ><div class='template-page content  av-content-small units'><div class='post-entry post-entry-type-page post-entry-1122'><div class='entry-content-wrapper clearfix'>\n\n<style type=\"text\/css\" data-created_by=\"avia_inline_auto\" id=\"style-css-av-1umwll-7f8d9c529154669327eb79c32de5755d\">\n.flex_column.av-1umwll-7f8d9c529154669327eb79c32de5755d{\nborder-radius:0px 0px 0px 0px;\npadding:0px 0px 0px 0px;\n}\n<\/style>\n<div  class='flex_column av-1umwll-7f8d9c529154669327eb79c32de5755d av_one_full  avia-builder-el-1  el_after_av_fullscreen  el_before_av_heading  avia-builder-el-first  first flex_column_div av-zero-column-padding  '     ><style type=\"text\/css\" data-created_by=\"avia_inline_auto\" id=\"style-css-av-juo0hyz5-a5f01f8b8be4b93dfc8da8b48b4c9573\">\n#top .av_textblock_section.av-juo0hyz5-a5f01f8b8be4b93dfc8da8b48b4c9573 .avia_textblock{\ncolor:#cf1b15;\n}\n<\/style>\n<section  class='av_textblock_section av-juo0hyz5-a5f01f8b8be4b93dfc8da8b48b4c9573 '   itemscope=\"itemscope\" itemtype=\"https:\/\/schema.org\/CreativeWork\" ><div class='avia_textblock av_inherit_color'  itemprop=\"text\" ><h2 style=\"text-align: center;\">NOTRE CLUB<\/h2>\n<\/div><\/section><br \/>\n\n<style type=\"text\/css\" data-created_by=\"avia_inline_auto\" id=\"style-css-av-2ohd2y-fc5d914b3042be994db108a19f99f020\">\n#top .hr.av-2ohd2y-fc5d914b3042be994db108a19f99f020{\nmargin-top:5px;\nmargin-bottom:30px;\n}\n.hr.av-2ohd2y-fc5d914b3042be994db108a19f99f020 .hr-inner{\nwidth:200px;\nborder-color:#cf1b15;\nmax-width:45%;\n}\n<\/style>\n<div  class='hr av-2ohd2y-fc5d914b3042be994db108a19f99f020 hr-custom  avia-builder-el-3  el_after_av_textblock  el_before_av_textblock  av-mini-hide hr-center hr-icon-yes'><span class='hr-inner inner-border-av-border-thin'><span class=\"hr-inner-style\"><\/span><\/span><span class='av-seperator-icon' aria-hidden='true' data-av_icon='\ue8b9' data-av_iconfont='entypo-fontello'><\/span><span class='hr-inner inner-border-av-border-thin'><span class=\"hr-inner-style\"><\/span><\/span><\/div><br \/>\n\n<style type=\"text\/css\" data-created_by=\"avia_inline_auto\" id=\"style-css-av-juuc61v5-9b147f0147adfa89cbd55ac5c37b6e1d\">\n#top .av_textblock_section.av-juuc61v5-9b147f0147adfa89cbd55ac5c37b6e1d .avia_textblock{\ncolor:#cf1b15;\n}\n<\/style>\n<section  class='av_textblock_section av-juuc61v5-9b147f0147adfa89cbd55ac5c37b6e1d '   itemscope=\"itemscope\" itemtype=\"https:\/\/schema.org\/CreativeWork\" ><div class='avia_textblock av_inherit_color'  itemprop=\"text\" ><h3>PR\u00c9SENTATION<\/h3>\n<\/div><\/section><\/p><\/div>\n\n<style type=\"text\/css\" data-created_by=\"avia_inline_auto\" id=\"style-css-av-av_heading-6153236270960482407348151e82a822\">\n#top .av-special-heading.av-av_heading-6153236270960482407348151e82a822{\npadding-bottom:10px;\ncolor:#000000;\n}\nbody .av-special-heading.av-av_heading-6153236270960482407348151e82a822 .av-special-heading-tag .heading-char{\nfont-size:25px;\n}\n.av-special-heading.av-av_heading-6153236270960482407348151e82a822 .special-heading-inner-border{\nborder-color:#000000;\n}\n.av-special-heading.av-av_heading-6153236270960482407348151e82a822 .av-subheading{\nfont-size:15px;\n}\n<\/style>\n<div  class='av-special-heading av-av_heading-6153236270960482407348151e82a822 av-special-heading-h4 custom-color-heading  avia-builder-el-5  el_after_av_one_full  el_before_av_textblock '><h4 class='av-special-heading-tag'  itemprop=\"headline\"  >L\u2019objectif du club<\/h4><div class=\"special-heading-border\"><div class=\"special-heading-inner-border\"><\/div><\/div><\/div>\n<section  class='av_textblock_section av-qqqswy-533bcc2fc1711c2edef75a84b5edd71c '   itemscope=\"itemscope\" itemtype=\"https:\/\/schema.org\/CreativeWork\" ><div class='avia_textblock'  itemprop=\"text\" ><p><strong>POURQUOI DIEU LES A T&rsquo;IL CR\u00c9ES AVEC DES PATTES PALM\u00c9ES ?<\/strong><\/p>\n<p>Afin de secourir l\u2019\u00eatre humain lorsqu&rsquo;il se trouve en difficult\u00e9\u201a dans l&rsquo;eau. Mais il ne faut pas croire que l&rsquo;instinct du chien suffit, tout Terre-Neuve n&rsquo;est pas un sauveteur n\u00e9 &#8230; !<\/p>\n<p>Cet instinct, cet atavisme profond, il suffit de les cultiver, de les canaliser pour obtenir une qualit\u00e9 de travail qui surprend bien des cynophiles par son niveau.<\/p>\n<p>C&rsquo;est pour cela que nous avons voulu cr\u00e9er une entit\u00e9 sp\u00e9cifique avec un caract\u00e8re sportif tr\u00e8s marqu\u00e9 se donnant comme objectif unique :<\/p>\n<blockquote>\n<p><strong>La promotion des qualit\u00e9s du chien Terre-Neuve au sauvetage aquatique.<\/strong><\/p>\n<\/blockquote>\n<\/div><\/section>\n\n<style type=\"text\/css\" data-created_by=\"avia_inline_auto\" id=\"style-css-av-av_heading-ee3223819887a22998c09d2f4d77b4be\">\n#top .av-special-heading.av-av_heading-ee3223819887a22998c09d2f4d77b4be{\npadding-bottom:10px;\ncolor:#000000;\n}\nbody .av-special-heading.av-av_heading-ee3223819887a22998c09d2f4d77b4be .av-special-heading-tag .heading-char{\nfont-size:25px;\n}\n.av-special-heading.av-av_heading-ee3223819887a22998c09d2f4d77b4be .special-heading-inner-border{\nborder-color:#000000;\n}\n.av-special-heading.av-av_heading-ee3223819887a22998c09d2f4d77b4be .av-subheading{\nfont-size:15px;\n}\n<\/style>\n<div  class='av-special-heading av-av_heading-ee3223819887a22998c09d2f4d77b4be av-special-heading-h4 custom-color-heading  avia-builder-el-7  el_after_av_textblock  el_before_av_textblock '><h4 class='av-special-heading-tag'  itemprop=\"headline\"  >Les statuts du club<\/h4><div class=\"special-heading-border\"><div class=\"special-heading-inner-border\"><\/div><\/div><\/div>\n<section  class='av_textblock_section av-qqqswy-533bcc2fc1711c2edef75a84b5edd71c '   itemscope=\"itemscope\" itemtype=\"https:\/\/schema.org\/CreativeWork\" ><div class='avia_textblock'  itemprop=\"text\" ><p>Le Terre-Neuve Sportif est r\u00e9gi par la loi de 1901 sur les associations sans but lucratif. Il a \u00e9t\u00e9 cr\u00e9\u00e9 en 1988 par un groupe de propri\u00e9taires de chiens de la r\u00e9gion parisienne et il est exclusivement constitu\u00e9 de b\u00e9n\u00e9voles.<\/p>\n<p>Il a \u00e9t\u00e9 d\u00e9clar\u00e9 \u00e0 la sous-pr\u00e9fecture de Meaux (77) le 24 f\u00e9vrier 1988. Son si\u00e8ge social se situe \u00e0 Chelles en Seine et Marne. Le conseil d&rsquo;administration se compose de cinq membres tous adh\u00e9rents du club.<\/p>\n<\/div><\/section>\n\n<style type=\"text\/css\" data-created_by=\"avia_inline_auto\" id=\"style-css-av-av_heading-7cc980e603bfb65601e68d64435aeff4\">\n#top .av-special-heading.av-av_heading-7cc980e603bfb65601e68d64435aeff4{\npadding-bottom:10px;\ncolor:#000000;\n}\nbody .av-special-heading.av-av_heading-7cc980e603bfb65601e68d64435aeff4 .av-special-heading-tag .heading-char{\nfont-size:25px;\n}\n.av-special-heading.av-av_heading-7cc980e603bfb65601e68d64435aeff4 .special-heading-inner-border{\nborder-color:#000000;\n}\n.av-special-heading.av-av_heading-7cc980e603bfb65601e68d64435aeff4 .av-subheading{\nfont-size:15px;\n}\n<\/style>\n<div  class='av-special-heading av-av_heading-7cc980e603bfb65601e68d64435aeff4 av-special-heading-h4 custom-color-heading  avia-builder-el-9  el_after_av_textblock  el_before_av_textblock '><h4 class='av-special-heading-tag'  itemprop=\"headline\"  >Les moyens<\/h4><div class=\"special-heading-border\"><div class=\"special-heading-inner-border\"><\/div><\/div><\/div>\n<section  class='av_textblock_section av-qqqswy-533bcc2fc1711c2edef75a84b5edd71c '   itemscope=\"itemscope\" itemtype=\"https:\/\/schema.org\/CreativeWork\" ><div class='avia_textblock'  itemprop=\"text\" ><p>Pour obtenir ces r\u00e9sultats, le T.N.S. dispose d&rsquo;un centre d&rsquo;entra\u00eenement sur la base de loisirs de Torcy-Marne la Vall\u00e9e qu&rsquo;il utilise chaque dimanche de d\u00e9but mars \u00e0 fin novembre \u00e0 l&rsquo;eau, de d\u00e9but d\u00e9cembre \u00e0 fin f\u00e9vrier au sol uniquement.<\/p>\n<p>Le T.N.S. organise aussi un certain nombre de stages de travail (de trois \u00e0 cinq jours), soit sur la base de Torcy, soit en mer. Ces stages permettent tr\u00e8s souvent d&rsquo;observer des progr\u00e8s spectaculaires tant de la part des chiens que de leurs ma\u00eetres.<\/p>\n<p>Sur le plan mat\u00e9riel, le club dispose pour ses activit\u00e9s de bateaux de type Zodiac motoris\u00e9s. Certains bateaux sont mis \u00e0 disposition gracieusement par leurs propri\u00e9taires, par ailleurs adh\u00e9rents ou moniteurs du T.N.S.<\/p>\n<p>Sur le plan humain, pas de hi\u00e9rarchie, pas de structure sociale, simplement une charte qui rappelle les principales r\u00e8gles de fonctionnement et de s\u00e9curit\u00e9. Et puis surtout, cette incroyable coh\u00e9sion et cette unique volont\u00e9 de nos entra\u00eeneurs \u00e0 atteindre cet objectif formidable que nous nous sommes fix\u00e9s.<\/p>\n<\/div><\/section>\n\n<style type=\"text\/css\" data-created_by=\"avia_inline_auto\" id=\"style-css-av-av_heading-936f5989f2746a2f395b0384f324b6f6\">\n#top .av-special-heading.av-av_heading-936f5989f2746a2f395b0384f324b6f6{\npadding-bottom:10px;\ncolor:#000000;\n}\nbody .av-special-heading.av-av_heading-936f5989f2746a2f395b0384f324b6f6 .av-special-heading-tag .heading-char{\nfont-size:25px;\n}\n.av-special-heading.av-av_heading-936f5989f2746a2f395b0384f324b6f6 .special-heading-inner-border{\nborder-color:#000000;\n}\n.av-special-heading.av-av_heading-936f5989f2746a2f395b0384f324b6f6 .av-subheading{\nfont-size:15px;\n}\n<\/style>\n<div  class='av-special-heading av-av_heading-936f5989f2746a2f395b0384f324b6f6 av-special-heading-h4 custom-color-heading  avia-builder-el-11  el_after_av_textblock  el_before_av_textblock '><h4 class='av-special-heading-tag'  itemprop=\"headline\"  >Le club actuellement<\/h4><div class=\"special-heading-border\"><div class=\"special-heading-inner-border\"><\/div><\/div><\/div>\n<section  class='av_textblock_section av-qqqswy-533bcc2fc1711c2edef75a84b5edd71c '   itemscope=\"itemscope\" itemtype=\"https:\/\/schema.org\/CreativeWork\" ><div class='avia_textblock'  itemprop=\"text\" ><p>Le Terre-Neuve Sportif compte une vingtaine de chiens entra\u00een\u00e9s chaque dimanche et ce, de mars \u00e0 novembre inclus, par une trentaine de moniteurs form\u00e9s au sein m\u00eame du club.<\/p>\n<p>Nous assurons chaque ann\u00e9e avec la collaboration d&rsquo;autres organismes la s\u00e9curit\u00e9 de diverses manifestations nautiques dans toute la France.<\/p>\n<p>Pour assurer la promotion des qualit\u00e9s de la race Terre-Neuve, le T.N.S. pr\u00e9sente \u00e9galement plusieurs d\u00e9monstrations par an, en France comme dans plusieurs pays Europ\u00e9ens.<\/p>\n<p>Ces activit\u00e9s ont valu au T.N.S. et \u00e0 ses membres la reconnaissance de leurs comp\u00e9tences. Nous sommes devenus \u00e9galement le conseiller technique de plusieurs clubs \u00e9trangers et notamment des clubs anglais et suisse. Nous avons re\u00e7u la visite des clubs am\u00e9ricain et canadien, fortement impressionn\u00e9s par la technicit\u00e9 de nos chiens et de nos entra\u00eeneurs.<\/p>\n<p>En bref, on peut aujourd&rsquo;hui affirmer que le Terre-Neuve Sportif est bien \u00e0 la pointe des techniques de sauvetage en milieu aquatique utilisant les chiens comme auxiliaires. Cela est possible gr\u00e2ce \u00e0 la formidable disponibilit\u00e9 et au d\u00e9vouement de ses membres qui partagent tous la m\u00eame passion :<\/p>\n<blockquote>\n<p><strong>LE CHIEN DE TERRE-NEUVE<\/strong><\/p>\n<\/blockquote>\n<\/div><\/section>\n\n<style type=\"text\/css\" data-created_by=\"avia_inline_auto\" id=\"style-css-av-av_heading-dfea1015e13f28368917221640b98363\">\n#top .av-special-heading.av-av_heading-dfea1015e13f28368917221640b98363{\npadding-bottom:10px;\ncolor:#000000;\n}\nbody .av-special-heading.av-av_heading-dfea1015e13f28368917221640b98363 .av-special-heading-tag .heading-char{\nfont-size:25px;\n}\n.av-special-heading.av-av_heading-dfea1015e13f28368917221640b98363 .special-heading-inner-border{\nborder-color:#000000;\n}\n.av-special-heading.av-av_heading-dfea1015e13f28368917221640b98363 .av-subheading{\nfont-size:15px;\n}\n<\/style>\n<div  class='av-special-heading av-av_heading-dfea1015e13f28368917221640b98363 av-special-heading-h4 custom-color-heading  avia-builder-el-13  el_after_av_textblock  el_before_av_textblock '><h4 class='av-special-heading-tag'  itemprop=\"headline\"  >Historique<\/h4><div class=\"special-heading-border\"><div class=\"special-heading-inner-border\"><\/div><\/div><\/div>\n<section  class='av_textblock_section av-qqqswy-533bcc2fc1711c2edef75a84b5edd71c '   itemscope=\"itemscope\" itemtype=\"https:\/\/schema.org\/CreativeWork\" ><div class='avia_textblock'  itemprop=\"text\" ><p>Dot\u00e9s d&rsquo;une exp\u00e9rience de plusieurs ann\u00e9es de travail \u00e0 l&rsquo;eau avec ces chiens, les fondateurs ont d\u00e9cid\u00e9s de se r\u00e9unir afin de poursuivre plusieurs objectifs :<br \/>\n\u2022 Promouvoir les qualit\u00e9s du chien Terre-neuve<br \/>\n\u2022 Former des chiens Terre-Neuve au sauvetage aquatique<br \/>\n\u2022 Former les ma\u00eetres de ces chiens pour qu&rsquo;ils constituent des \u00e9quipes de sauvetage qualifi\u00e9es<\/p>\n<p>Le Terre-Neuve Sportif a \u00e9t\u00e9 cr\u00e9\u00e9 par une dizaine de propri\u00e9taires de chiens Terre-Neuve, dont certains avaient une exp\u00e9rience de plus de dix ans dans l&rsquo;\u00e9ducation canine, et en particulier dans celle de chiens de cette race.<\/p>\n<p>Afin de pr\u00e9senter les possibilit\u00e9s d&rsquo;utilisation du chien Terre-Neuve, le club intervient dans deux types de manifestations :<br \/>\n\u2022 Participation \u00e0 des f\u00eates sportives ou nautiques locales organis\u00e9es par des municipalit\u00e9s ou des associations diverses.<br \/>\n\u2022 Apport d&rsquo;une force compl\u00e9mentaire de surveillance lors de comp\u00e9titions nautique.<\/p>\n<p>\u00c0 titre d&rsquo;exemple, nous avons particip\u00e9 \u00e0 :<br \/>\n\u2022 la surveillance des \u00e9preuves de planche \u00e0 voile dans le cadre de la semaine pr\u00e9- olympique \u00e0 Hy\u00e8res<br \/>\n\u2022 la surveillance du Triathlon de Torcy<br \/>\n\u2022 la surveillance de la course de la descente de la Marne des Pompiers de Chelles<br \/>\n\u2022 la surveillance des \u00e9preuves de planches \u00e0 voile dans le cadre de la Trans-Baie au Havre,<br \/>\n\u2022 la surveillance des comp\u00e9titions de planches \u00e0 voile et de 420 \u00e0 la Semaine Nautique Internationale de M\u00e9diterran\u00e9e \u00e0 Marseille.<\/p>\n<p>En ce qui concerne les d\u00e9monstrations, certains de nos chiens ont particip\u00e9 \u00e0 plus d&rsquo;une vingtaine d&rsquo;entre elles et ce, dans toute la France, \u00e0 savoir :<br \/>\nMarseille, Chamb\u00e9ry, Bourges, Bruay-en-Artois, Hy\u00e8res, Arcachon, Strasbourg, Grenoble, Pacy-sur-Eure, Saint Val\u00e9ry en Caux, etc&#8230;<\/p>\n<p>Beaucoup de ces d\u00e9monstrations se font \u00e0 Paris et en R\u00e9gion Parisienne : Paris (Bassin de la Villette), Torcy, Bonneuil, Chelles, Choisy-le-Roi, Ablon, Alfortville, Saint-Maur, Carri\u00e8res-sous-Poissy, Meaux, Viry-Ch\u00e2tillon, Juvisy-sur-Orge, etc&#8230;<\/p>\n<\/div><\/section>\n\n<style type=\"text\/css\" data-created_by=\"avia_inline_auto\" id=\"style-css-av-av_heading-1edc0375ed0216551e3174b361e9b63a\">\n#top .av-special-heading.av-av_heading-1edc0375ed0216551e3174b361e9b63a{\npadding-bottom:10px;\ncolor:#000000;\n}\nbody .av-special-heading.av-av_heading-1edc0375ed0216551e3174b361e9b63a .av-special-heading-tag .heading-char{\nfont-size:25px;\n}\n.av-special-heading.av-av_heading-1edc0375ed0216551e3174b361e9b63a .special-heading-inner-border{\nborder-color:#000000;\n}\n.av-special-heading.av-av_heading-1edc0375ed0216551e3174b361e9b63a .av-subheading{\nfont-size:15px;\n}\n<\/style>\n<div  class='av-special-heading av-av_heading-1edc0375ed0216551e3174b361e9b63a av-special-heading-h4 custom-color-heading  avia-builder-el-15  el_after_av_textblock  el_before_av_textblock '><h4 class='av-special-heading-tag'  itemprop=\"headline\"  >Le TNS et l\u2019Europe<\/h4><div class=\"special-heading-border\"><div class=\"special-heading-inner-border\"><\/div><\/div><\/div>\n<section  class='av_textblock_section av-qqqswy-533bcc2fc1711c2edef75a84b5edd71c '   itemscope=\"itemscope\" itemtype=\"https:\/\/schema.org\/CreativeWork\" ><div class='avia_textblock'  itemprop=\"text\" ><p>Le T.N.S. conseiller des clubs Europ\u00e9ens !<\/p>\n<p>Nous pourrions quelquefois nous poser les questions suivantes : A quoi bon tous ces d\u00e9placements \u00e0 l\u2019\u00e9tranger ? Pourquoi courir aux quatre coins de l&rsquo;Europe, prendre le bateau apr\u00e8s des heures de route, quelquefois l&rsquo;avion, et de toute fa\u00e7on faire beaucoup de kilom\u00e8tres en accumulant des tonnes de fatigue ?<\/p>\n<p>Il est vrai que nous pourrions rester tranquillement \u00e0 Torcy, patauger et faire baigner gentiment nos chiens, nous d\u00e9tendre, prendre l&rsquo;air et rentrer chez nous en nous disant que nous avons fait notre devoir vis-\u00e0-vis de nos chiens.<\/p>\n<p>Si tel \u00e9tait le cas, nous ne respecterions pas l&rsquo;id\u00e9e de base qui a servi \u00e0 constituer notre club, c&rsquo;est-\u00e0-dire la promotion des qualit\u00e9s de la race Terre-Neuve.<\/p>\n<p>Fort de notre passion, nous essayons de la faire partager par tous, et si, en France, plusieurs clubs ont une d\u00e9marche similaire \u00e0 la n\u00f4tre, il en va diff\u00e9remment dans certains pays \u00e9trangers.<\/p>\n<p>L&rsquo;exemple le plus significatif est bien \u00e9videmment l&rsquo;Angleterre. Deux clubs Anglais ont v\u00e9ritablement d\u00e9couvert le travail \u00e0 l&rsquo;eau gr\u00e2ce au T.N.S. Depuis, nous nous d\u00e9pla\u00e7ons r\u00e9guli\u00e8rement dans ce pays afin de parfaire l\u2019\u00e9ducation des chiens, mais aussi celle des ma\u00eetres.<br \/>\nNos efforts ne sont pas vains car plusieurs groupes anglais travaillent maintenant \u00e0 un niveau tout \u00e0 fait correct et c&rsquo;est fort encourageant pour nous. Certains clubs ont m\u00eame instaur\u00e9 un passage de degr\u00e9s similaire \u00e0 ceux propos\u00e9s en France par le club de la race.<br \/>\nNous avons bien entendu particip\u00e9 \u00e0 ces premiers concours en tant que juges pour apporter nos connaissances dans ce domaine.<\/p>\n<p>Nous avons \u00e9t\u00e9 sollicit\u00e9s, en 1992, 1993 par les suisses et les autrichiens pour animer des stages dont le but \u00e9tait de faire progresser le niveau des chiens mais aussi d&rsquo;apporter notre exp\u00e9rience \u00e0 leurs moniteurs. Exp\u00e9rience dans l\u2019\u00e9ducation, mais aussi dans le sauvetage car nous avions \u00e0 l\u2019\u00e9poque plusieurs moniteurs ma\u00eetres-nageurs ou secouristes.<\/p>\n<p>Il faut que le niveau des chiens qui travaillent permette de fixer dans l&rsquo;esprit des spectateurs europ\u00e9ens la plus belle image de la race Terre-Neuve\u00a0: celle du chien qui sauve.<\/p>\n<p>Ce message, nous nous devons de le transmettre le plus souvent et le plus largement possible et cela nous est d&rsquo;autant plus facile que nous avons tous les atouts pour le faire. Des chiens de bon niveau, des moniteurs exp\u00e9riment\u00e9s et disponibles, des bateaux et aussi pour quelques-uns le go\u00fbt des voyages.<\/p>\n<p>Et puis, pourquoi ne pas le dire, il y a une autre compensation \u00e0 tous ces efforts. Nous sommes tr\u00e8s fiers lorsque l&rsquo;on fait appel \u00e0 nous, n&rsquo;est-ce pas l\u00e0, la reconnaissance de notre savoir-faire et de notre esprit d&rsquo;\u00e9quipe ?<\/p>\n<p>Souhaitons que cette d\u00e9marche, accentu\u00e9e par celle d\u2019autres clubs europ\u00e9ens, pourra enfin faire accepter ces chiens et leurs ma\u00eetres comme de r\u00e9elles \u00e9quipes de sauvetage.<\/p>\n<p>Dans le sud de la France, plusieurs plages ont d\u00e9cid\u00e9 d\u2019int\u00e9grer ces \u00e9quipes de la SNSM (Soci\u00e9t\u00e9 Nationale de Sauvetage en Mer) ou de la FNMCSA (F\u00e9d\u00e9ration Nationale des Ma\u00eetres-Chiens Sauveteurs Aquatiques) avec leurs auxiliaires \u00e0 quatre pattes.<\/p>\n<p>Nous sommes sur la bonne voie, l\u2019Europe des Terre-Neuve n\u2019est plus loin.<br \/>\nAlors&#8230; continuons !<\/p>\n<\/div><\/section>\n","protected":false},"excerpt":{"rendered":"","protected":false},"author":1,"featured_media":0,"parent":0,"menu_order":1,"comment_status":"closed","ping_status":"closed","template":"","meta":{"footnotes":""},"class_list":["post-1122","page","type-page","status-publish","hentry"],"_links":{"self":[{"href":"https:\/\/tnsportif.com\/index.php\/wp-json\/wp\/v2\/pages\/1122","targetHints":{"allow":["GET"]}}],"collection":[{"href":"https:\/\/tnsportif.com\/index.php\/wp-json\/wp\/v2\/pages"}],"about":[{"href":"https:\/\/tnsportif.com\/index.php\/wp-json\/wp\/v2\/types\/page"}],"author":[{"embeddable":true,"href":"https:\/\/tnsportif.com\/index.php\/wp-json\/wp\/v2\/users\/1"}],"replies":[{"embeddable":true,"href":"https:\/\/tnsportif.com\/index.php\/wp-json\/wp\/v2\/comments?post=1122"}],"version-history":[{"count":31,"href":"https:\/\/tnsportif.com\/index.php\/wp-json\/wp\/v2\/pages\/1122\/revisions"}],"predecessor-version":[{"id":6421,"href":"https:\/\/tnsportif.com\/index.php\/wp-json\/wp\/v2\/pages\/1122\/revisions\/6421"}],"wp:attachment":[{"href":"https:\/\/tnsportif.com\/index.php\/wp-json\/wp\/v2\/media?parent=1122"}],"curies":[{"name":"wp","href":"https:\/\/api.w.org\/{rel}","templated":true}]}}